divided by 771250?
55
Calculate the remainder when 3300507 is divided by 13926.
45
What is the remainder when 190433455 is divided by 34?
33
Calculate the remainder when 1316866 is divided by 102.
46
What is the remainder when 54018135 is divided by 776?
775
Calculate the remainder when 412588 is divided by 2926.
22
What is the remainder when 62721306 is divided by 542?
524
What is the remainder when 189285 is divided by 12568?
765
What is the remainder when 586466 is divided by 2157?
1919
What is the remainder when 709333 is divided by 4148?
25
What is the remainder when 12157 is divided by 6037?
83
Calculate the remainder when 112464 is divided by 56185.
94
What is the remainder when 71359 is divided by 4448?
191
Calculate the remainder when 322567798 is divided by 13.
7
Calculate the remainder when 34979 is divided by 8570.
699
What is the remainder when 4021971 is divided by 1815?
1746
Calculate the remainder when 25252540 is divided by 32.
28
What is the remainder when 3278025346 is divided by 947?
945
Calculate the remainder when 908438 is divided by 44.
14
Calculate the remainder when 138679 is divided by 27709.
134
What is the remainder when 391723 is divided by 29920?
2763
What is the remainder when 129476 is divided by 185?
161
Calculate the remainder when 746966 is divided by 372492.
1982
Calculate the remainder when 2717999 is divided by 50.
49
Calculate the remainder when 15978032 is divided by 305.
302
Calculate the remainder when 67390 is divided by 841.
110
What is the remainder when 225301 is divided by 3364?
3277
Calculate the remainder when 5318166 is divided by 161156.
18
Calculate the remainder when 20421402 is divided by 11866.
16
Calculate the remainder when 7285259 is divided by 910654.
27
Calculate the remainder when 291451 is divided by 659.
173
Calculate the remainder when 99817 is divided by 33151.
364
Calculate the remainder when 2307350 is divided by 103.
47
What is the remainder when 104337 is divided by 285?
27
Calculate the remainder when 7778774 is divided by 41.
8
Calculate the remainder when 48221 is divided by 432.
269
What is the remainder when 979228 is divided by 61156?
732
What is the remainder when 2745 is divided by 902?
39
Calculate the remainder when 1464084 is divided by 50485.
19
What is the remainder when 512400 is divided by 1763?
1130
Calculate the remainder when 726652 is divided by 251.
7
Calculate the remainder when 775065 is divided by 386315.
2435
Calculate the remainder when 239196 is divided by 416.
412
Calculate the remainder when 800073 is divided by 9301.
187
What is the remainder when 1419087 is divided by 509?
504
Calculate the remainder when 277841698 is divided by 14.
8
What is the remainder when 240969 is divided by 525?
519
Calculate the remainder when 23923818 is divided by 1708844.
2
Calculate the remainder when 736512 is divided by 414.
6
What is the remainder when 3578544 is divided by 275272?
8
Calculate the remainder when 20032771 is divided by 323.
311
Calculate the remainder when 185357 is divided by 123.
119
Calculate the remainder when 485501 is divided by 21105.
86
What is the remainder when 10011109 is divided by 2502775?
9
What is the remainder when 323724 is divided by 13?
11
Calculate the remainder when 120717275 is divided by 131.
120
Calculate the remainder when 1193704695 is divided by 97.
94
Calculate the remainder when 667793169 is divided by 1388.
1385
What is the remainder when 369893 is divided by 9?
2
Calculate the remainder when 1451538 is divided by 177.
138
What is the remainder when 489184 is divided by 287?
136
What is the remainder when 14497250 is divided by 3335?
5
Calculate the remainder when 249069 is divided by 111.
96
Calculate the remainder when 11687651 is divided by 255.
236
What is the remainder when 6363817 is divided by 27?
25
What is the remainder when 36105016 is divided by 6885?
76
Calculate the remainder when 65048111 is divided by 36.
35
Calculate the remainder when 3379432 is divided by 2786.
14
Calculate the remainder when 522574 is divided by 74084.
3986
What is the remainder when 90745 is divided by 95?
20
What is the remainder when 42972323 is divided by 1713?
5
What is the remainder when 2322003 is divided by 35723?
8
What is the remainder when 19243 is divided by 57?
34
What is the remainder when 522885 is divided by 261435?
15
What is the remainder when 10754710 is divided by 5377347?
16
What is the remainder when 158493 is divided by 14?
13
What is the remainder when 144055358 is divided by 4?
2
What is the remainder when 88956 is divided by 4437?
216
What is the remainder when 131276 is divided by 54?
2
What is the remainder when 543372 is divided by 2663?
120
What is the remainder when 18052323 is divided by 188?
187
Calculate the remainder when 116056 is divided by 115351.
705
What is the remainder when 497346 is divided by 219?
216
Calculate the remainder when 35283921 is divided by 2714147.
10
What is the remainder when 998598 is divided by 598?
536
What is the remainder when 3822490 is divided by 5289?
3832
Calculate the remainder when 346794 is divided by 86566.
530
What is the remainder when 6656275 is divided by 447?
445
Calculate the remainder when 313688 is divided by 24090.
518
What is the remainder when 7075385 is divided by 1833?
5
Calculate the remainder when 283810 is divided by 70859.
374
Calculate the remainder when 141066 is divided by 70519.
28
What is the remainder when 4071614 is divided by 15781?
116
What is the remainder when 42389 is divided by 13082?
3143
Calculate the remainder when 5166805 is divided by 165.
160
Calculate the remainder when 279929 is divided by 232.
137
What is the remainder when 6781249 is divided by 38?
35
Calculate the remainder when 268410 is divided by 242.
32
What is the remainder when 3912 is divided by 3903?
9
Calculate the remainder when 16189651 is divided by 28.
23
What is the remainder when 651623676 is divided by 43?
42
Calculate the remainder when 143982 is divided by 2285.
27
Calculate the remainder when 2144396 is divided by 194944.
12
Calculate the remainder when 10883260 is divided by 3627753.
1
Calculate the remainder when 25812754 is divided by 1490.
1484
What is the remainder when 42661 is divided by 636?
49
Calculate the remainder when 34531 is divided by 8629.
15
What is the remainder when 14638550 is divided by 144?
86
Calculate the remainder when 66973 is divided by 108.
13
Calculate the remainder when 70324901 is divided by 159.
155
What is the remainder when 75840 is divided by 4731?
144
Calculate the remainder when 315446 is divided by 11675.
221
What is the remainder when 52184723 is divided by 98?
17
Calculate the remainder when 14252003 is divided by 67545.
8
What is the remainder when 85807856 is divided by 575?
31
Calculate the remainder when 61602 is divided by 158.
140
What is the remainder when 1194338441 is divided by 418?
417
Calculate the remainder when 615303 is divided by 2129.
22
What is the remainder when 118483579 is divided by 4609?
16
What is the remainder when 5960192 is divided by 288?
32
What is the remainder when 284904171 is divided by 142452083?
5
Calculate the remainder when 43683004 is divided by 5277.
5275
Calculate the remainder when 11508815 is divided by 756.
227
What is the remainder when 7323 is divided by 1753?
311
Calculate the remainder when 3527 is divided by 564.
143
Calculate the remainder when 7187183 is divided by 976.
895
Calculate the remainder when 65215254 is divided by 25.
4
What is the remainder when 7756453 is divided by 1211?
1209
What is the remainder when 448679467 is divided by 448679462?
5
Calculate the remainder when 194393 is divided by 230.
43
What is the remainder when 642681 is divided by 321095?
491
Calculate the remainder when 257327 is divided by 128164.
999
What is the remainder when 164223 is divided by 2276?
351
What is the remainder when 346295 is divided by 12825?
20
What is the remainder when 464821 is divided by 232396?
29
What is the remainder when 53002 is divided by 2608?
842
What is the remainder when 1593133 is divided by 318625?
8
Calculate the remainder when 89174 is divided by 1874.
1096
What is the remainder when 834559 is divided by 74?
61
Calculate the remainder when 769